5, what is -6bed + 2d3?
-691a
In base 9, what is -2 + 5018027?
5018025
In base 14, what is -2493c - 11c?
-24a5a
In base 8, what is -33341 + 33401?
40
In base 7, what is -21235632 + -1?
-21235633
In base 16, what is -3 + 59f3d5d?
59f3d5a
In base 14, what is 342505 + -16?
3424cd
In base 14, what is 6 + 159b0ac?
159b0b4
In base 14, what is 5 + -1b2dcb5?
-1b2dcb0
In base 6, what is 40434 - 233?
40201
In base 5, what is -42121 + 1123101?
1030430
In base 9, what is 16 + 107455158?
107455175
In base 3, what is -1200122110220 - 221?
-1200122111211
In base 6, what is 32 + -4010051?
-4010015
In base 2, what is 11101 + 100100000001101?
100100000101010
In base 14, what is -16 - 3767a1?
-3767b7
In base 9, what is -4442 - 32728?
-37271
In base 14, what is -1166c6 + -9?
-1166d1
In base 14, what is 56b93 + 13?
56ba6
In base 6, what is -33151423 - -4?
-33151415
In base 5, what is 3 + 320402023210?
320402023213
In base 6, what is 20053455 + -3?
20053452
In base 13, what is 372 - 43554?
-431b2
In base 6, what is 140521 - 221233?
-40312
In base 9, what is 142172 + 30?
142212
In base 2, what is 11101101011 - 1011010110110111?
-1010111001001100
In base 10, what is -523949 + -38?
-523987
In base 9, what is 377167418 + 0?
377167418
In base 7, what is 1 - 5626520152?
-5626520151
In base 15, what is -a + 44c82?
44c77
In base 7, what is -6045565244 - -2?
-6045565242
In base 4, what is 1123231 - 12000112?
-10210221
In base 15, what is 1b847 + -8?
1b83e
In base 11, what is 46 - -1a6541?
1a6587
In base 14, what is aa10ad1 - 4?
aa10acb
In base 10, what is -11992 - -28479?
16487
In base 9, what is 5474 + -2867?
2506
In base 2, what is -11100110100 + -1000011011100?
-1100000010000
In base 9, what is 16843424 - 5?
16843418
In base 7, what is 226613546 - -4?
226613553
In base 15, what is 29 - -715d4?
7160d
In base 12, what is ba070 + -139?
b9b33
In base 4, what is 332 - 123112101?
-123111103
In base 14, what is -259 + -30d?
-568
In base 16, what is -4360a6 + a?
-43609c
In base 15, what is 259 + 30dc?
3346
In base 11, what is -3 - 1a812295?
-1a812298
In base 11, what is -2 + 127743963?
127743961
In base 12, what is 2 - 3b12321?
-3b1231b
In base 14, what is -259cdbc - 3?
-259cdc1
In base 10, what is -25 - 462802?
-462827
In base 3, what is 111001200221212 + 1211?
111001201000200
In base 6, what is 11 - 10111041?
-10111030
In base 5, what is 11312 + -21101?
-4234
In base 7, what is -22 - -53066556?
53066534
In base 16, what is 3 + -273d22d?
-273d22a
In base 9, what is 23 + 87260308?
87260332
In base 6, what is 2115031241 + -5?
2115031232
In base 8, what is -20 + 4141634?
4141614
In base 7, what is -15 - 12432214?
-12432232
In base 2, what is 111001000101001100001110010100 - 0?
111001000101001100001110010100
In base 8, what is -161 + -3066706?
-3067067
In base 14, what is 1799a + 376?
17d32
In base 6, what is -34 + -2402424301?
-2402424335
In base 14, what is -163 - 317c8?
-3194b
In base 13, what is 16ba0b - 53?
16b988
In base 4, what is -122320011 - -1133?
-122312212
In base 13, what is 3 + 31a7905?
31a7908
In base 6, what is -50122131 - -251?
-50121440
In base 6, what is 13 - 1105523?
-1105510
In base 8, what is -4147734 + 4?
-4147730
In base 8, what is -1200712 - 23?
-1200735
In base 11, what is 52900635 - -5?
5290063a
In base 10, what is 737659 - -24?
737683
In base 10, what is 1 + 16024514?
16024515
In base 6, what is 55453312311 + 2?
55453312313
In base 4, what is 30121122032103 + 11?
30121122032120
In base 4, what is -23233020302 - 31?
-23233020333
In base 11, what is 18341 + -2008?
16334
In base 3, what is 10 + -2200100100111?
-2200100100101
In base 4, what is 11110032 + -3110?
11100322
In base 16, what is -4 + cb70ee?
cb70ea
In base 6, what is -545333 - 14?
-545351
In base 3, what is -111010122200000 - -11?
-111010122122212
In base 11, what is -227667 + 1?
-227666
In base 6, what is 10 - 253344421?
-253344411
In base 8, what is 1352 + -413312?
-411740
In base 12, what is a4 + -459b26?
-459a42
In base 3, what is 20 + 22200020110011?
22200020110101
In base 14, what is 1 - -42db7?
42db8
In base 14, what is -1 - -3152448?
3152447
In base 9, what is 1685581101 + -4?
1685581086
In base 9, what is 0 + 4007731?
4007731
In base 12, what is -3 + -2295895?
-2295898
In base 13, what is 575345b - 1?
575345a
In base 12, what is 7 + -8b6195?
-8b618a
In base 4, what is -23002 - 22130?
-111132
In base 16, what is -b491b - 9?
-b4924
In base 16, what is -23fb4c0a - -5?
-23fb4c05
In base 13, what is -9 + 8915b?
89152
In base 16, what is 62703 + 287?
6298a
In base 10, what is -18 - -105081?
105063
In base 4, what is 12102002113122 - 0?
12102002113122
In base 6, what is 3042113502 + 5?
3042113511
In base 5, what is -13 + 43423310?
43423242
In base 3, what is -12 - 112000202012221110?
-112000202012221122
In base 10, what is 83 - -56023?
56106
In base 3, what is -10001122121 - -111111220?
-2120010201
In base 8, what is -1334674151 + 0?
-1334674151
In base 14, what is 2 + 79c36b?
79c36d
In base 3, what is -11 - -1121220110012000?
1121220110011212
In base 7, what is 5 + -4342425?
-4342420
In base 5, what is 424013043 - -214?
424013312
In base 9, what is -16225084 - -3?
-16225081
In base 2, what is 10110110011010 + 11011111111110?
110010110011000
In base 5, what is 2 + 4411334023?
4411334030
In base 11, what is -9 + -2065717?
-2065725
In base 10, what is -5 - 1944995?
-1945000
In base 2, what is -111011111100 + -100100111?
-1000000100011
In base 10, what is 989901 - -3?
989904
In base 11, what is -197389 - 2?
-197390
In base 10, what is -18287731 + 3?
-18287728
In base 15, what is 1 + -2771a47?
-2771a46
In base 9, what is -26687 - -6183?
-20504
In base 8, what is 6135112 - -4?
6135116
In base 13, what is 648013b - -2?
6480140
In base 2, what is 11100100110101101 + 110110?
11100100111100011
In base 7, what is -14 - 6643166?
-6643213
In base 15, what is -a0e3a - 2?
-a0e3c
In base 13, what is 31abb6 - 1?
31abb5
In base 5, what is -3 + 3033020413?
3033020410
In base 9, what is -115003686 + -5?
-115003702
In base 2, what is -11000101101111101110 - -101?
-11000101101111101001
In base 11, what is -6a + 215389?
21531a
In base 6, what is 424 + -2403312?
-2402444
In base 10, what is -5967 - -10180?
4213
In base 15, what is 145 + -1627?
-14d2
In base 16, what is 1019248 - 11?
1019237
In base 3, what is 12 + 10112211210211211?
10112211210212000
In base 12, what is 1 - 47a6194?
-47a6193
In base 6, what is 53223024 - -221?
53223245
In base 10, what is 5391747 - -3?
5391750
In base 10, what is -6139529 - 3?
-6139532
In base 3, what is -220201110210201 + -12?
-220201110210220
In base 13, what is 27a7414 - -a5?
27a74b9
In base 6, what is -1112352 + 431?
-1111521
In base 15, what is 199eca - -19?
199ee4
In base 14, what is -99b2 - -63?
-994d
In base 7, what is 2 - 122245651?
-122245646
In base 10, what is 27 + -382738?
-382711
In base 4, what is -10000320213103 - -12?
-10000320213031
In base 14, what is 4 + 84adb4?
84adb8
In base 9, what is 731806 - -2?
731808
In base 5, what is 24 - 1304232113?
-1304232034
In base 15, what is -20d04 - 177?
-20e7b
In base 7, what is -1 - 21002042?
-21002043
In base 6, what is -32243120 + 3532?
-32235144
In base 10, what is 52059995 - 4?
52059991
In base 7, what is 4 - -1536366524?
1536366531
In base 3, what is -2011102121110 + 122?
-2011102120211
In base 4, what is -201331011100033 + 2?
-201331011100031
In base 3, what is -10100020100 + -10221220?
-10111012020
In base 8, what is 14306203 + 1?
14306204
In base 7, what is 1036 - -2340?
3406
In base 7, what is 22 - -66253141?
66253163
In base 8, what is 1412774 + -133?
1412641
In base 11, what is 338 + -3876a5?
-387368
In base 2, what is -111110001010111 + -10101110110?
-1000000111001101
In base 16, what is -3 - -cad5?
cad2
In base 4, what is -1 + -22001010311223?
-22001010311230
In base 8, what is -166206 + 61?
-166125
In base 11, what is -35 - 971a74?
-971aa9
In base 7, what is -5 - -3265662?
3265654
In base 4, what is -12210 + 111331201?
111312331
In base 2, what is 10000001110110001 + -11111?
10000001110010010
In base 5, what is 4210334332 - -11?
4210334343
In base 16, what is -7 - 4b837?
-4b83e
In base 16, what is 44d3 + -5?
44ce
In base 6, what is 314455404331 + 2?
314455404333
In base 11, what is 36 + 232357?
232392
In base 